{"id":1086,"date":"2022-08-28T14:46:12","date_gmt":"2022-08-28T12:46:12","guid":{"rendered":"http:\/\/lauriejousse-educanin.com\/?page_id=1086"},"modified":"2022-08-28T18:05:08","modified_gmt":"2022-08-28T16:05:08","slug":"mentions-legales","status":"publish","type":"page","link":"https:\/\/lauriejousse-educanin.com\/index.php\/mentions-legales\/","title":{"rendered":"Mentions L\u00e9gales"},"content":{"rendered":"<p><div class=\"fusion-fullwidth fullwidth-box fusion-builder-row-1 fusion-flex-container has-pattern-background has-mask-background nonhundred-percent-fullwidth non-hundred-percent-height-scrolling\" style=\"background-color: #ffffff;background-position: center center;background-repeat: no-repeat;border-width: 0px 0px 0px 0px;border-color:#eae9e9;border-style:solid;\" ><div class=\"fusion-builder-row fusion-row fusion-flex-align-items-center fusion-flex-justify-content-center\" style=\"max-width:1144px;margin-left: calc(-4% \/ 2 );margin-right: calc(-4% \/ 2 );\"><div class=\"fusion-layout-column fusion_builder_column fusion-builder-column-0 fusion_builder_column_1_1 1_1 fusion-flex-column fusion-flex-align-self-center\"><div class=\"fusion-column-wrapper fusion-flex-justify-content-center fusion-content-layout-column\" style=\"background-position:left top;background-repeat:no-repeat;-webkit-background-size:cover;-moz-background-size:cover;-o-background-size:cover;background-size:cover;padding: 10% 0px 0% 0px;\"><style type=\"text\/css\">@media only screen and (max-width:1024px) {.fusion-title.fusion-title-1{margin-top:0px!important; margin-right:10%!important;margin-bottom:1%!important;margin-left:10%!important;}}@media only screen and (max-width:640px) {.fusion-title.fusion-title-1{margin-top:0px!important; margin-right:0px!important;margin-bottom:20px!important; margin-left:0px!important;}}<\/style><div class=\"fusion-title title fusion-title-1 fusion-sep-none fusion-title-center fusion-title-text fusion-title-size-one\" style=\"margin-top:0px;margin-right:10%;margin-bottom:1%;margin-left:10%;\"><h1 class=\"title-heading-center fusion-responsive-typography-calculated\" style=\"margin:0;color:#027575;--fontSize:34;line-height:1.4;\">Mentions L\u00e9gales<\/h1><\/div><div class=\"fusion-separator\" style=\"align-self: center;margin-left: auto;margin-right: auto;margin-bottom:5%;width:100%;max-width:60%;\"><div class=\"fusion-separator-border sep-single sep-solid\" style=\"border-color:#d1cfcf;border-top-width:1px;\"><\/div><\/div><\/div><style type=\"text\/css\">.fusion-body .fusion-builder-column-0{width:100% !important;margin-top : 0px;margin-bottom : 0px;}.fusion-builder-column-0 > .fusion-column-wrapper {padding-top : 10% !important;padding-right : 0px !important;margin-right : 1.92%;padding-bottom : 0% !important;padding-left : 0px !important;margin-left : 1.92%;}@media only screen and (max-width:1024px) {.fusion-body .fusion-builder-column-0{width:100% !important;order : 0;}.fusion-builder-column-0 > .fusion-column-wrapper {margin-right : 1.92%;margin-left : 1.92%;}}@media only screen and (max-width:640px) {.fusion-body .fusion-builder-column-0{width:100% !important;order : 0;}.fusion-builder-column-0 > .fusion-column-wrapper {margin-right : 1.92%;margin-left : 1.92%;}}<\/style><\/div><div class=\"fusion-layout-column fusion_builder_column fusion-builder-column-1 fusion_builder_column_1_2 1_2 fusion-flex-column\"><div class=\"fusion-column-wrapper fusion-flex-justify-content-flex-end fusion-content-layout-column\" style=\"background-position:left top;background-repeat:no-repeat;-webkit-background-size:cover;-moz-background-size:cover;-o-background-size:cover;background-size:cover;padding: 0px 0px 0px 0px;\"><div style=\"text-align:right;\"><span class=\" fusion-imageframe imageframe-none imageframe-1 hover-type-none\"><img decoding=\"async\" width=\"400\" height=\"333\" title=\"Logo Laurie Jousse EduCanin_vf\" src=\"https:\/\/lauriejousse-educanin.com\/wp-content\/uploads\/2019\/10\/Logo-Laurie-Jousse-EduCanin_vf-400x333.jpg\" alt class=\"img-responsive wp-image-13\" srcset=\"https:\/\/lauriejousse-educanin.com\/wp-content\/uploads\/2019\/10\/Logo-Laurie-Jousse-EduCanin_vf-200x166.jpg 200w, https:\/\/lauriejousse-educanin.com\/wp-content\/uploads\/2019\/10\/Logo-Laurie-Jousse-EduCanin_vf-400x333.jpg 400w, https:\/\/lauriejousse-educanin.com\/wp-content\/uploads\/2019\/10\/Logo-Laurie-Jousse-EduCanin_vf-600x499.jpg 600w, https:\/\/lauriejousse-educanin.com\/wp-content\/uploads\/2019\/10\/Logo-Laurie-Jousse-EduCanin_vf-800x666.jpg 800w, https:\/\/lauriejousse-educanin.com\/wp-content\/uploads\/2019\/10\/Logo-Laurie-Jousse-EduCanin_vf.jpg 1144w\" sizes=\"(max-width: 1024px) 100vw, (max-width: 640px) 100vw, 600px\" \/><\/span><\/div><\/div><style type=\"text\/css\">.fusion-body .fusion-builder-column-1{width:50% !important;margin-top : 0px;margin-bottom : 20px;}.fusion-builder-column-1 > .fusion-column-wrapper {padding-top : 0px !important;padding-right : 0px !important;margin-right : 3.84%;padding-bottom : 0px !important;padding-left : 0px !important;margin-left : 3.84%;}@media only screen and (max-width:1024px) {.fusion-body .fusion-builder-column-1{width:100% !important;order : 0;}.fusion-builder-column-1 > .fusion-column-wrapper {margin-right : 1.92%;margin-left : 1.92%;}}@media only screen and (max-width:640px) {.fusion-body .fusion-builder-column-1{width:100% !important;order : 0;}.fusion-builder-column-1 > .fusion-column-wrapper {margin-right : 1.92%;margin-left : 1.92%;}}<\/style><\/div><div class=\"fusion-layout-column fusion_builder_column fusion-builder-column-2 fusion_builder_column_1_2 1_2 fusion-flex-column fusion-flex-align-self-center\"><div class=\"fusion-column-wrapper fusion-flex-justify-content-center fusion-content-layout-column\" style=\"background-position:left top;background-repeat:no-repeat;-webkit-background-size:cover;-moz-background-size:cover;-o-background-size:cover;background-size:cover;padding: 0px 0px 0px 0px;\"><div class=\"fusion-text fusion-text-1\"><p><strong><span style=\"color: #027575; font-size: 15px;\">Raison Sociale <\/span><\/strong><strong><br \/>\nLaurie Jousse | Laurie Jousse EduCanin<\/strong><\/p>\n<p><strong><span style=\"color: #027575; font-size: 15px;\">Si\u00e8ge Social <\/span><br \/>\n33 Bis rue des C\u00f4tes Reverses<br \/>\n78700 &#8211; Conflans-Sainte-Honorine, FRANCE<\/strong><\/p>\n<p><strong><span style=\"color: #027575; font-size: 15px;\">Immatriculation <\/span><br \/>\nSIRET N\u00b0 878 780 451 00018<\/strong><\/p>\n<p><strong><span style=\"color: #027575; font-size: 15px;\">Responsable de la publication <\/span><br \/>\nLaurie Jousse<\/strong><\/p>\n<p><strong><span style=\"color: #027575; font-size: 15px;\">Contact<\/span><br \/>\ncontact@lauriejousse-educanin.com<\/strong> <strong>Tel. 06 28 04 86 92<\/strong><\/p>\n<p><strong><span style=\"color: #027575; font-size: 15px;\">H\u00e9bergeur <\/span><br \/>\nOVH<\/strong><\/p>\n<\/div><\/div><style type=\"text\/css\">.fusion-body .fusion-builder-column-2{width:50% !important;margin-top : 0px;margin-bottom : 20px;}.fusion-builder-column-2 > .fusion-column-wrapper {padding-top : 0px !important;padding-right : 0px !important;margin-right : 3.84%;padding-bottom : 0px !important;padding-left : 0px !important;margin-left : 3.84%;}@media only screen and (max-width:1024px) {.fusion-body .fusion-builder-column-2{width:100% !important;order : 0;}.fusion-builder-column-2 > .fusion-column-wrapper {margin-right : 1.92%;margin-left : 1.92%;}}@media only screen and (max-width:640px) {.fusion-body .fusion-builder-column-2{width:100% !important;order : 0;}.fusion-builder-column-2 > .fusion-column-wrapper {margin-right : 1.92%;margin-left : 1.92%;}}<\/style><\/div><\/div><style type=\"text\/css\">.fusion-body .fusion-flex-container.fusion-builder-row-1{ padding-top : 0px;margin-top : 0px;padding-right : 0px;padding-bottom : 0px;margin-bottom : 0px;padding-left : 0px;}<\/style><\/div><div class=\"fusion-fullwidth fullwidth-box fusion-builder-row-2 fusion-flex-container has-pattern-background has-mask-background nonhundred-percent-fullwidth non-hundred-percent-height-scrolling\" style=\"background-color: #ffffff;background-position: center center;background-repeat: no-repeat;border-width: 0px 0px 0px 0px;border-color:#eae9e9;border-style:solid;\" ><div class=\"fusion-builder-row fusion-row fusion-flex-align-items-center fusion-flex-justify-content-center\" style=\"max-width:1144px;margin-left: calc(-4% \/ 2 );margin-right: calc(-4% \/ 2 );\"><div class=\"fusion-layout-column fusion_builder_column fusion-builder-column-3 fusion_builder_column_1_1 1_1 fusion-flex-column fusion-flex-align-self-center\"><div class=\"fusion-column-wrapper fusion-flex-justify-content-center fusion-content-layout-column\" style=\"background-position:left top;background-repeat:no-repeat;-webkit-background-size:cover;-moz-background-size:cover;-o-background-size:cover;background-size:cover;padding: 10% 0px 0% 0px;\"><style type=\"text\/css\">@media only screen and (max-width:1024px) {.fusion-title.fusion-title-2{margin-top:0px!important; margin-right:10%!important;margin-bottom:1%!important;margin-left:10%!important;}}@media only screen and (max-width:640px) {.fusion-title.fusion-title-2{margin-top:0px!important; margin-right:0px!important;margin-bottom:20px!important; margin-left:0px!important;}}<\/style><div class=\"fusion-title title fusion-title-2 fusion-sep-none fusion-title-center fusion-title-text fusion-title-size-one\" style=\"margin-top:0px;margin-right:10%;margin-bottom:1%;margin-left:10%;\"><h1 class=\"title-heading-center fusion-responsive-typography-calculated\" style=\"margin:0;color:#027575;--fontSize:34;line-height:1.4;\">Politique de Confidentialit\u00e9<\/h1><\/div><div class=\"fusion-separator\" style=\"align-self: center;margin-left: auto;margin-right: auto;margin-bottom:5%;width:100%;max-width:60%;\"><div class=\"fusion-separator-border sep-single sep-solid\" style=\"border-color:#d1cfcf;border-top-width:1px;\"><\/div><\/div><\/div><style type=\"text\/css\">.fusion-body .fusion-builder-column-3{width:100% !important;margin-top : 0px;margin-bottom : 0px;}.fusion-builder-column-3 > .fusion-column-wrapper {padding-top : 10% !important;padding-right : 0px !important;margin-right : 1.92%;padding-bottom : 0% !important;padding-left : 0px !important;margin-left : 1.92%;}@media only screen and (max-width:1024px) {.fusion-body .fusion-builder-column-3{width:100% !important;order : 0;}.fusion-builder-column-3 > .fusion-column-wrapper {margin-right : 1.92%;margin-left : 1.92%;}}@media only screen and (max-width:640px) {.fusion-body .fusion-builder-column-3{width:100% !important;order : 0;}.fusion-builder-column-3 > .fusion-column-wrapper {margin-right : 1.92%;margin-left : 1.92%;}}<\/style><\/div><div class=\"fusion-layout-column fusion_builder_column fusion-builder-column-4 fusion_builder_column_2_3 2_3 fusion-flex-column\"><div class=\"fusion-column-wrapper fusion-flex-justify-content-flex-start fusion-content-layout-column\" style=\"background-position:left top;background-repeat:no-repeat;-webkit-background-size:cover;-moz-background-size:cover;-o-background-size:cover;background-size:cover;padding: 0px 0px 0px 0px;\"><div class=\"fusion-text fusion-text-2\"><p><strong><u>I \/ L\u2019objectif de la politique de confidentialit\u00e9<\/u><\/strong><\/p>\n<p>Cette politique de confidentialit\u00e9 est \u00e9tablie dans le but d\u2019informer les utilisateurs du site www.lauriejousse-educanin.com, poss\u00e9d\u00e9 et g\u00e9r\u00e9 par Laurie Jousse, des modalit\u00e9s suivantes :<\/p>\n<ul>\n<li>Les donn\u00e9es personnelles recueillies par le site internet<\/li>\n<li>L\u2019utilisation faite de ces donn\u00e9es<\/li>\n<li>L\u2019acc\u00e8s \u00e0 ces donn\u00e9es<\/li>\n<li>Les droits que poss\u00e8dent les utilisateurs du site<\/li>\n<li>La politique li\u00e9e \u00e0 l\u2019utilisation de cookies<\/li>\n<\/ul>\n<p><strong><u>II \/ Lois applicables<\/u><\/strong><\/p>\n<p>Conform\u00e9ment au R\u00e8glement G\u00e9n\u00e9ral sur la Protection des Donn\u00e9es, cette politique de confidentialit\u00e9 est sujette aux r\u00e8glements suivants :<\/p>\n<p>Les donn\u00e9es personnelles sont :<\/p>\n<ul>\n<li>trait\u00e9es de mani\u00e8re licite et transparente ;<\/li>\n<li>collect\u00e9es \u00e0 des fins d\u00e9termin\u00e9es, explicites et l\u00e9gitimes, et ne seront pas trait\u00e9es ult\u00e9rieurement d\u2019une mani\u00e8re incompatible avec ces fins. Conform\u00e9ment \u00e0 l\u2019article 89, paragraphe 1 du RGPD, le stockage et le traitement de ces donn\u00e9es \u00e0 des fins archivistiques dans l\u2019int\u00e9r\u00eat public, \u00e0 des fins de recherche scientifique ou historique ou \u00e0 des fins statistiques, n\u2019est pas consid\u00e9r\u00e9 comme incompatible avec les finalit\u00e9s initiales ;<\/li>\n<li>ad\u00e9quates, pertinentes et limit\u00e9es \u00e0 ce qui est n\u00e9cessaire dans le cadre des finalit\u00e9s pour lesquelles elles sont trait\u00e9es ;<\/li>\n<li>exactes, et si n\u00e9cessaires tenues \u00e0 jour. Toutes les mesures raisonnables seront prises pour corriger des donn\u00e9es incorrectes au regard de la finalit\u00e9 pour laquelle celles-si sont collect\u00e9es ;<\/li>\n<li>conserv\u00e9es sous une forme permettant l\u2019identification des personnes concern\u00e9es pour une dur\u00e9e suffisante pour leur traitement ;<\/li>\n<li>trait\u00e9es d\u2019une fa\u00e7on qui garantit la s\u00e9curit\u00e9 de celles-ci, y compris en ce qui concerne le traitement non-autoris\u00e9 ou illicite, la perte ou la destruction de ces donn\u00e9es, accidentelle ou volontaire.<\/li>\n<\/ul>\n<p>Le traitement des donn\u00e9es collect\u00e9es n\u2019est licite que si la personne concern\u00e9e par les donn\u00e9es \u00e0 consenti au traitement de celles-ci pour une ou plusieurs finalit\u00e9s sp\u00e9cifiques.<\/p>\n<p><strong><u>III \/ Consentement<\/u><\/strong><\/p>\n<p>En utilisant le site www.lauriejousse-educanin.com les utilisateurs consentent \u00e0 :<\/p>\n<ul>\n<li>Toutes les conditions incluses dans la pr\u00e9sente politique de confidentialit\u00e9 ;<\/li>\n<li>La collecte, l\u2019utilisation et la conservation des donn\u00e9es list\u00e9es dans la pr\u00e9sente politique de confidentialit\u00e9.<\/li>\n<\/ul>\n<p>L&rsquo;utilisateur peut \u00e9galement, pour des motifs l\u00e9gitimes, s&rsquo;opposer au traitement des donn\u00e9es le concernant. L&rsquo;utilisateur trouvera des informations sur ses droits et devoirs et sur la protection des donn\u00e9es individuelles sur le site de la \u00ab\u00a0Commission Nationale Informatique et Libert\u00e9s\u00a0\u00bb.<\/p>\n<p><strong><u>IV \/ Donn\u00e9es personnelles collect\u00e9es<\/u><\/strong><\/p>\n<p>Lors de la navigation du site www.lauriejousse-educanin.com, diff\u00e9rentes donn\u00e9es personnelles au sujet des utilisateurs sont collect\u00e9es.<\/p>\n<p><strong>Les donn\u00e9es suivantes sont collect\u00e9es de mani\u00e8re automatique :<\/strong><\/p>\n<p><em>Adresse IP, liens suivis, et contenus explor\u00e9s.<\/em><\/p>\n<p><strong>Les donn\u00e9es suivantes sont recueillies de mani\u00e8re non-automatique :<\/strong><\/p>\n<p><em>Nom, adresse mail, num\u00e9ro de t\u00e9l\u00e9phone.<\/em><\/p>\n<p>Ces donn\u00e9es sont recueillies au travers du formulaire de la page contact du site, renseign\u00e9 et envoy\u00e9 \u00e0 l\u2019initiative de l\u2019utilisateur.<\/p>\n<p>Aucune donn\u00e9e suppl\u00e9mentaire n\u2019est collect\u00e9e sans vous en informer au pr\u00e9alable.<\/p>\n<p><strong><u>V \/ Traitement de ces donn\u00e9es<\/u><\/strong><\/p>\n<p>Les donn\u00e9es personnelles recueillies sur le site www.lauriejousse-educanin.com ne sont collect\u00e9es et trait\u00e9es que dans le cadre des fins pr\u00e9cis\u00e9es dans la pr\u00e9sente politique de confidentialit\u00e9 et \/ ou dans les pages pertinentes du site. Les donn\u00e9es personnelles que nous collectons ne seront pas utilis\u00e9es \u00e0 d\u2019autres fins.<\/p>\n<p>Ces donn\u00e9es personnelles sont uniquement exploit\u00e9es \u00e0 des fins de communication avec les utilisateurs dans le cadre de r\u00e9ponse \u00e0 des demandes d\u2019informations sur les prestations propos\u00e9es par Laurie Jousse Educanin, et plus g\u00e9n\u00e9ralement \u00e0 son processus de prospection.<\/p>\n<p><strong><u>VI \/ Partage des donn\u00e9es personnelles recueillies<\/u><\/strong><\/p>\n<p><strong>Aucune donn\u00e9e personnelle recueillie ne fait l\u2019objet d\u2019un partage et reste, de ce fait, uniquement accessible et traitables par Laurie Jousse.<\/strong><\/p>\n<p>Par ailleurs, les donn\u00e9es personnelles collect\u00e9es pourront \u00eatre partag\u00e9es :<\/p>\n<ul>\n<li>Si l\u2019entreprise <a href=\"http:\/\/www.lauriejousse-educanin.com\">Laurie Jousse Educanin<\/a> y est contrainte par la loi<\/li>\n<li>Si les informations sont requises pour toute proc\u00e9dure judiciaire<\/li>\n<li>Afin de prot\u00e9ger les droits l\u00e9gaux de l\u2019entreprise www.lauriejousse-educanin.com<\/li>\n<\/ul>\n<p>En dehors des situations pr\u00e9vues dans cette pr\u00e9sente politique, les informations personnelles ne seront en aucun cas divulgu\u00e9es ou partag\u00e9es \u00e0 des tiers.<\/p>\n<p><strong><u>VII \/ Stockage et protection des donn\u00e9es personnelles<\/u><\/strong><\/p>\n<p>L\u2019entreprise Laurie Jousse Educanin ne conserve pas les donn\u00e9es personnelles plus longtemps que ce qui est n\u00e9cessaire \u00e0 la r\u00e9alisation des fins pour lesquelles elles sont collect\u00e9es.<\/p>\n<p>Afin de prot\u00e9ger ces donn\u00e9es, nous mettons en oeuvre les mesures suivantes :<\/p>\n<p><strong>Les donn\u00e9es personnelles reccueillies sont uniquement stock\u00e9es et accessibles via la boite email de Laurie Jousse, dont l\u2019acc\u00e8s lui est exclusivement r\u00e9serv\u00e9e. \u00a0<\/strong><\/p>\n<p><strong><u>VIII \/ Droits de l\u2019utilisateur<\/u><\/strong><\/p>\n<p>Conform\u00e9ment au chapitre 3, art 12-23 du RGPD, les utilisateurs du site www.lauriejousse-educanin.com ont, en ce qui concerne leurs donn\u00e9es personnelles, les droits suivants :<\/p>\n<ul>\n<li>Droit d\u2019acc\u00e8s<\/li>\n<li>Droit de rectification<\/li>\n<li>Droit \u00e0 l\u2019effacement<\/li>\n<li>Droit de restreindre le traitement<\/li>\n<li>Droit \u00e0 la portabilit\u00e9 des donn\u00e9es<\/li>\n<li>Droit d\u2019objection<\/li>\n<\/ul>\n<p>Pour faire valoir l\u2019un de ses droits, acc\u00e9der \u00e0 vos donn\u00e9es, les modifier ou les supprimer d\u2019une quelconque mani\u00e8re, vous pouvez communiquer avec Laurie Jousse par les moyens suivants :<\/p>\n<p><a href=\"mailto:contact@lauriejousse-educanin.com\">contact@lauriejousse-educanin.com<\/a> | T. 06.28.04.86.92<\/p>\n<p><strong><u>IX \/ Politique au sujet des cookies<\/u><\/strong><\/p>\n<p>Un cookie est un fichier stock\u00e9 sur le disque dur d\u2019un utilisateur lorsqu\u2019il navigue sur un site web. Ce cookie permet de mieux conna\u00eetre les donn\u00e9es relatives aux habitudes de navigation de l\u2019utilisateur afin de lui proposer une meilleure exp\u00e9rience d\u2019utilisation.<\/p>\n<p>Le site www.lauriejousse-educanin.com utilise les cookies suivants :<\/p>\n<p><strong>Aucun cookie de premi\u00e8re part n\u2019est actuellement utilis\u00e9.<\/strong><\/p>\n<p>Conform\u00e9ment au RGPD, vous pouvez choisir d\u2019\u00eatre pr\u00e9venu \u00e0 chaque fois qu\u2019un cookie est cr\u00e9\u00e9, ou bien d\u00e9sactiver enti\u00e8rement la transmission de cookies par le site.<\/p>\n<p>Le site www.lauriejousse-educanin.com utilise \u00e9galement les cookies tiers suivants :<\/p>\n<p><strong>.google.com\u00a0:<\/strong> Aide \u00e0 construire un profil pour l\u2019affichage de publicit\u00e9s cibl\u00e9es et adapt\u00e9es \u00e0 l\u2019utilisateur.<\/p>\n<p><strong><u>X \/ Modification de la politique de confidentialit\u00e9<\/u><\/strong><\/p>\n<p>Afin de rester en accord avec la loi ou de refl\u00e9ter tout changement dans notre processus de gestion des donn\u00e9es personnelles, la pr\u00e9sente politique de confidentialit\u00e9 peut \u00eatre amen\u00e9e \u00e0 changer et \u00e0 \u00eatre modifi\u00e9e r\u00e9guli\u00e8rement. Il est recommand\u00e9 aux utilisateurs de v\u00e9rifier r\u00e9guli\u00e8rement cette politique afin de se tenir inform\u00e9s de notre politique en termes de collecte et de traitement de donn\u00e9es personnelles.<\/p>\n<p><strong><u>XI \/ Contact<\/u><\/strong><\/p>\n<p>Les utilisateurs peuvent contacter Laurie Jousse, responsable de la protection des donn\u00e9es personnelles reccueillies \u00e0 l\u2019aide des moyens de contact suivants :<\/p>\n<p><a href=\"mailto:contact@lauriejousse-educanin.com\">contact@lauriejousse-educanin.com<\/a> | T. 06.28.04.86.92<\/p>\n<\/div><\/div><style type=\"text\/css\">.fusion-body .fusion-builder-column-4{width:66.666666666667% !important;margin-top : 0px;margin-bottom : 20px;}.fusion-builder-column-4 > .fusion-column-wrapper {padding-top : 0px !important;padding-right : 0px !important;margin-right : 2.88%;padding-bottom : 0px !important;padding-left : 0px !important;margin-left : 2.88%;}@media only screen and (max-width:1024px) {.fusion-body .fusion-builder-column-4{width:100% !important;order : 0;}.fusion-builder-column-4 > .fusion-column-wrapper {margin-right : 1.92%;margin-left : 1.92%;}}@media only screen and (max-width:640px) {.fusion-body .fusion-builder-column-4{width:100% !important;order : 0;}.fusion-builder-column-4 > .fusion-column-wrapper {margin-right : 1.92%;margin-left : 1.92%;}}<\/style><\/div><\/div><style type=\"text\/css\">.fusion-body .fusion-flex-container.fusion-builder-row-2{ padding-top : 0px;margin-top : 0px;padding-right : 0px;padding-bottom : 0px;margin-bottom : 0px;padding-left : 0px;}<\/style><\/div><\/p>\n","protected":false},"excerpt":{"rendered":"","protected":false},"author":1,"featured_media":0,"parent":0,"menu_order":0,"comment_status":"closed","ping_status":"closed","template":"","meta":{"footnotes":""},"_links":{"self":[{"href":"https:\/\/lauriejousse-educanin.com\/index.php\/wp-json\/wp\/v2\/pages\/1086"}],"collection":[{"href":"https:\/\/lauriejousse-educanin.com\/index.php\/wp-json\/wp\/v2\/pages"}],"about":[{"href":"https:\/\/lauriejousse-educanin.com\/index.php\/wp-json\/wp\/v2\/types\/page"}],"author":[{"embeddable":true,"href":"https:\/\/lauriejousse-educanin.com\/index.php\/wp-json\/wp\/v2\/users\/1"}],"replies":[{"embeddable":true,"href":"https:\/\/lauriejousse-educanin.com\/index.php\/wp-json\/wp\/v2\/comments?post=1086"}],"version-history":[{"count":38,"href":"https:\/\/lauriejousse-educanin.com\/index.php\/wp-json\/wp\/v2\/pages\/1086\/revisions"}],"predecessor-version":[{"id":1126,"href":"https:\/\/lauriejousse-educanin.com\/index.php\/wp-json\/wp\/v2\/pages\/1086\/revisions\/1126"}],"wp:attachment":[{"href":"https:\/\/lauriejousse-educanin.com\/index.php\/wp-json\/wp\/v2\/media?parent=1086"}],"curies":[{"name":"wp","href":"https:\/\/api.w.org\/{rel}","templated":true}]}}